and 240015260.
10190
Calculate the greatest common divisor of 3588 and 6792567.
69
Calculate the greatest common factor of 4788911 and 76920.
641
What is the greatest common factor of 2257 and 794057?
37
Calculate the highest common divisor of 15839450 and 2325.
775
Calculate the highest common divisor of 19162 and 87545081.
871
Calculate the highest common factor of 92101398 and 1482.
114
Calculate the highest common factor of 323 and 51049181.
323
Calculate the highest common divisor of 11233483 and 18.
1
Calculate the highest common factor of 130139910 and 1272.
318
What is the highest common divisor of 15284276 and 19894?
2842
What is the highest common factor of 51 and 545309?
17
What is the highest common factor of 1908162 and 1194474?
1362
What is the highest common factor of 1184937 and 2028?
39
Calculate the greatest common divisor of 351022 and 3654.
14
Calculate the greatest common divisor of 13202567 and 7.
7
Calculate the highest common divisor of 29229 and 939.
3
Calculate the highest common divisor of 13842920 and 290.
10
What is the greatest common factor of 33933072 and 29271?
2661
What is the highest common divisor of 5439616 and 2828152?
3736
Calculate the highest common divisor of 71867152 and 106.
106
Calculate the greatest common factor of 512 and 47785728.
256
What is the highest common factor of 83088 and 3728016?
144
Calculate the greatest common divisor of 1767360 and 48655.
1315
What is the greatest common divisor of 3090 and 15297045?
1545
What is the greatest common factor of 409387 and 209?
11
What is the highest common factor of 113288 and 28616?
392
Calculate the greatest common divisor of 9597686 and 28.
14
Calculate the highest common divisor of 34 and 20315017.
17
Calculate the greatest common factor of 152497323 and 18711.
2673
What is the highest common factor of 2 and 195302?
2
Calculate the greatest common divisor of 12 and 66295944.
12
Calculate the highest common divisor of 1583631 and 88494.
1029
What is the highest common factor of 2528019 and 1071?
153
What is the greatest common factor of 728 and 109163548?
52
What is the highest common factor of 809741632 and 35?
7
Calculate the highest common factor of 16270039 and 4945.
989
What is the greatest common divisor of 1128 and 19587297?
141
Calculate the greatest common divisor of 4466835 and 459.
153
What is the greatest common factor of 70400491 and 266?
133
What is the highest common divisor of 1944736 and 23776?
32
What is the highest common factor of 602970 and 199995?
2985
What is the highest common divisor of 504 and 1302896?
56
What is the highest common divisor of 249350046 and 5102?
5102
Calculate the highest common factor of 42 and 17344299.
21
Calculate the greatest common divisor of 238326 and 3358.
46
Calculate the highest common divisor of 61363795 and 326.
163
Calculate the greatest common factor of 20 and 12052204.
4
What is the greatest common factor of 138 and 290737641?
69
Calculate the highest common divisor of 36842376 and 9696.
2424
Calculate the highest common factor of 30349 and 439126.
89
Calculate the greatest common factor of 3691733 and 2429.
347
Calculate the highest common divisor of 420 and 153863220.
420
Calculate the greatest common factor of 2103 and 17562.
3
What is the highest common divisor of 534 and 12111387?
267
Calculate the greatest common divisor of 10935547 and 56.
7
What is the greatest common divisor of 24583747 and 461?
461
Calculate the highest common factor of 18673039 and 394.
197
What is the highest common factor of 27588 and 8804928?
1452
What is the greatest common factor of 119846379 and 204?
51
What is the greatest common factor of 230 and 11604690?
10
What is the greatest common factor of 5404 and 1350160?
28
Calculate the highest common factor of 324906 and 330.
6
Calculate the greatest common divisor of 9335140 and 4.
4
Calculate the greatest common divisor of 13025 and 145880.
2605
What is the greatest common divisor of 133307 and 4449707?
109
What is the greatest common factor of 6533450 and 98?
14
What is the greatest common divisor of 13 and 81597256?
13
What is the highest common divisor of 238856 and 140160?
584
What is the greatest common factor of 694977725 and 19?
19
What is the greatest common divisor of 6476852 and 28?
4
Calculate the highest common factor of 2908 and 40075148.
2908
What is the highest common factor of 1655993 and 1324?
331
What is the highest common divisor of 624 and 2156934?
78
Calculate the greatest common factor of 2 and 2772306.
2
Calculate the greatest common factor of 357418 and 69211.
1033
Calculate the highest common divisor of 44974672 and 38.
38
Calculate the highest common divisor of 65391 and 337086.
921
What is the highest common divisor of 1404180 and 1800?
180
Calculate the greatest common factor of 12 and 61429892.
4
Calculate the greatest common factor of 2413 and 5035423.
127
What is the highest common factor of 22159613 and 441?
49
What is the highest common factor of 51675573 and 114?
57
Calculate the highest common factor of 81090 and 12125250.
1530
What is the greatest common factor of 30752 and 15910316?
3844
Calculate the highest common factor of 3188 and 47390417.
797
What is the highest common factor of 2084020 and 1975?
395
Calculate the greatest common divisor of 14359 and 41168.
83
What is the greatest common divisor of 9222 and 98605758?
318
What is the greatest common divisor of 19 and 964079?
19
Calculate the greatest common divisor of 327 and 594231.
3
What is the highest common factor of 179992 and 926?
2
What is the highest common factor of 5375293 and 2893?
11
What is the highest common divisor of 40 and 142977780?
20
Calculate the greatest common factor of 5519464 and 6368.
1592
What is the greatest common factor of 470 and 1648495860?
470
What is the highest common factor of 31 and 2167751849?
31
Calculate the highest common divisor of 4412 and 83461804.
4412
What is the greatest common divisor of 407694 and 399126?
714
What is the greatest common factor of 8523 and 5273843?
947
Calculate the greatest common factor of 25006737 and 118.
59
What is the highest common divisor of 52013791 and 29?
29
What is the highest common divisor of 142106 and 3444?
82
Calculate the highest common factor of 330220725 and 45.
15
Calculate the greatest common divisor of 8918 and 68742002.
686
What is the highest common factor of 6566 and 7801346?
938
What is the highest common divisor of 1638712 and 120?
8
Calculate the greatest common factor of 6174 and 10805382.
882
What is the greatest common factor of 45320 and 1107868?
412
Calculate the highest common factor of 25971179 and 8099.
1157
What is the greatest common divisor of 6234 and 16788?
6
What is the greatest common factor of 2013266136 and 3528?
1176
What is the highest common divisor of 6232 and 58712?
328
Calculate the highest common factor of 450 and 664695.
45
What is the highest common factor of 78615 and 24930?
45
Calculate the greatest common factor of 3630 and 917664.
726
What is the greatest common factor of 167373420 and 46068?
4188
Calculate the greatest common divisor of 1176115 and 3905.
355
Calculate the highest common divisor of 198 and 129330054.
18
What is the highest common factor of 864 and 814816?
32
Calculate the greatest common factor of 3016026 and 936.
234
Calculate the greatest common factor of 240 and 49628730.
30
Calculate the highest common factor of 21582004 and 253.
23
What is the highest common factor of 12460317 and 9852?
2463
Calculate the greatest common divisor of 4014 and 211850.
446
What is the highest common factor of 4201925 and 77675?
325
Calculate the greatest common divisor of 34 and 37091518.
34
What is the highest common factor of 34 and 46134566?
34
What is the greatest common factor of 325 and 21211475?
25
What is the greatest common factor of 816494 and 70?
14
Calculate the highest common divisor of 2299 and 495253.
121
Calculate the highest common divisor of 1023034 and 226778.
298
Calculate the greatest common factor of 1211 and 2701628377.
1211
Calculate the greatest common factor of 206668238 and 70.
14
What is the highest common factor of 240 and 18228640?
80
Calculate the highest common factor of 1260 and 336735.
315
What is the gr